= v - 7 + 6 - 9. Calculate the greatest common divisor of w and v.
10
Let a be (142 - -10) + 7/21*-6. What is the greatest common divisor of 500 and a?
50
Suppose -3*t + y = -8*t + 272, 0 = y + 8. Calculate the highest common divisor of t and 2268.
28
Suppose -647 = -3*g - 4*u, 19*u - 21*u = 8. What is the greatest common divisor of g and 136?
17
Suppose 0 = 1820*h - 1824*h + 36. Suppose 4*c - 3*c - 2*n - 37 = 0, -n - 59 = -2*c. Let z be (c - -3)/(2/3). Calculate the greatest common divisor of z and h.
9
Let m(b) = -b**2 + 24 + 9*b + 0*b**2 + 2*b**2. Suppose -825*o + 867*o = -168. Let j be m(o). What is the greatest common factor of 32 and j?
4
Let x be (65 - -7)*(-4)/(-6). Suppose -3*m - 2 = g - 51, -g = 5*m - 85. Suppose 3*b - 6*b = -m. What is the greatest common divisor of x and b?
6
Let t(b) = -b**2 + 44*b - 37. Let u be t(24). Let j = u - 442. Calculate the greatest common factor of 17 and j.
1
Let l(v) = -3*v**3 - 11*v**2 - 37*v - 222. Let h be l(-5). What is the highest common factor of 6741 and h?
63
Let c be (2/3)/((-14)/(-714)). Suppose -d + c = 5*g, -2*d + g = -g - 116. What is the greatest common divisor of d and 3?
3
Suppose -113*q - 2*n + 62 = -109*q, 0 = -4*q - 3*n + 57. What is the highest common divisor of q and 1062?
18
Let k = -5963 + 6012. Calculate the greatest common factor of 301 and k.
7
Let h be 757*((68 - 63) + (2 - 0/(-1))). Calculate the highest common divisor of h and 7.
7
Let d = 24681 - 24521. Calculate the highest common factor of d and 30560.
160
Let n(a) be the second derivative of 0 + 4*a**2 + 10*a + 1/3*a**3. Let g be n(4). Calculate the greatest common factor of 64 and g.
16
Suppose -2*t = -5*i - 529, 296*t + 3*i + 519 = 298*t. What is the greatest common divisor of t and 588?
84
Let h(y) = 32*y**2 + 538*y - 28. Let l be h(-17). Calculate the highest common divisor of l and 20.
2
Let u = 16949 - 12853. Calculate the greatest common divisor of u and 128.
128
Let n(w) be the third derivative of w**5/12 + 169*w**4/24 - w**3/6 - 6*w**2 - 15*w. Let y be n(-35). Calculate the greatest common divisor of y and 11.
11
Let z be (-2)/(-10) - (-4)/5 - -223. Suppose -8 - 16 = 4*m. Let y be 32 - 0*2/m. What is the greatest common factor of y and z?
32
Let n = -184 + 238. Suppose n - 230 = -8*s. What is the highest common divisor of s and 132?
22
Suppose -1692 = 13*u + 1246. Let x = u - -350. What is the greatest common divisor of x and 93?
31
Let l(k) = -2*k**2 + 9*k + 26. Let g be l(-2). Let p be 702/18*(2 + g). Calculate the highest common factor of p and 234.
78
Suppose -5*v - a = 1702 + 2858, 4570 = -5*v + a. Let t = -878 - v. Calculate the greatest common factor of 105 and t.
35
Let u = -77 + 39. Let q be (-338)/u + 4/38. Let v = 455 + -392. Calculate the highest common factor of q and v.
9
Let x be (152/110 + 8/(-44))/((-15)/(-125)). Suppose 2*w = 6*w - 2*k - 114, -k = w - 33. Calculate the greatest common divisor of w and x.
10
Suppose 334*q - 299*q - 59850 = 0. What is the highest common divisor of q and 27?
9
Suppose 78*d - 13*d = 18*d + 1974. Suppose 4*n + 58 = 2*z + 3*z, 0 = 3*z + n - 45. What is the greatest common divisor of z and d?
14
Suppose 0 = 192*f - 193*f + 24. What is the highest common divisor of 2136 and f?
24
Let x be ((-2)/10)/(13/(-325)). Suppose -2*p + 8 = -5*o, -x*p + p = -2*o - 16. Suppose j - p*j + 105 = 0. Calculate the highest common divisor of 7 and j.
7
Let g be -5 + 45/5 - (0 - 94). Suppose -y + g = -5*t + 397, 2*y + 303 = 5*t. Calculate the highest common divisor of 236 and t.
59
Let r = 3523 + -1923. Calculate the highest common factor of r and 64.
64
Let v(f) = 244*f**2 + f. Let t be v(1). Let r = 347 - t. Suppose 3*q + 5*z - 50 = 2*q, -3*q - 3*z + r = 0. Calculate the highest common factor of q and 12.
6
Let f be -24*(28/(-12) + 2). Suppose -2*z = f*z. Let c(j) = j**3 - 2*j**2 + j + 34. Let w be c(z). What is the highest common divisor of 68 and w?
34
Let w(k) = k + 24. Let q be w(15). Suppose -2*m = -15 - q. Suppose -6*i = -45 - m. Calculate the highest common factor of 36 and i.
12
Suppose -2*m = 4*z - 0*m - 1690, -4*z - m = -1685. Let r = z - 370. What is the greatest common divisor of 90 and r?
10
Let m = 60 - 25. Let w = -647 - -672. What is the highest common divisor of m and w?
5
Let z = 31382 + -31123. Suppose 6*u - 25 = u. Suppose -809 = -u*m - z. Calculate the greatest common divisor of m and 22.
22
Let g(b) = -6*b - 27. Let h be g(-7). Let y = 24 - h. Let z = 271 - 118. Calculate the greatest common divisor of z and y.
9
Let x(c) = -c**3 - 9*c**2 - 16*c - 208. Let y be x(-10). Let p be -52*(6/(-3) + (-1)/(-1)). Calculate the greatest common factor of y and p.
52
Let x be 24/36 + (-333)/(-27). What is the highest common divisor of 1261 and x?
13
Suppose 0 = 25*w - 109 - 66. Let n be (-6)/(-12)*w/((-7)/(-1370)). Calculate the highest common divisor of n and 5.
5
Suppose 0 = 5*r - 5, -2 = -4*y + 3*r + 3. Suppose y*m + 5*a + 20 = -0*a, 3*a + 12 = 3*m. Let x = 27 - m. Calculate the highest common divisor of x and 135.
27
Let n be (807/(-12) - 41/164)/(1/(-2)). Let m = -16 + 31. What is the greatest common divisor of n and m?
15
Suppose -21*v + 20*v = 5. Let d be 13 + (v - 12/(-6)). Calculate the highest common factor of 15 and d.
5
Let w(x) = 27*x + 3226. Let c be w(-11). Calculate the highest common divisor of 404 and c.
101
Suppose -4*n + 365510 + 186720 = 94*n. Calculate the highest common factor of 483 and n.
161
Let a be 10 - -3*84/(-18). Let k(c) = 2*c + 1. Let s be k(1). Let q be a/12 - (-1)/s*379. Calculate the greatest common factor of 14 and q.
14
Suppose -968*f - 3*b = -970*f + 66, -3*b + 186 = 5*f. Suppose 0 = -m - m + 48. Calculate the highest common divisor of m and f.
12
Let u(m) = -m**3 + 7*m**2 + 2. Let w be u(6). Let p be (-1676)/(-30) - (-264)/1980. Let s = p - w. Calculate the highest common factor of s and 144.
18
Let v = 2821 + -2737. What is the greatest common divisor of 66 and v?
6
Let d be 63/(-18)*12/(-21). Suppose -148 = -3*c - 5*g, 13 + 119 = d*c - 5*g. What is the highest common divisor of c and 48?
8
Suppose 88*p - 266746 - 34324 = -99*p. Calculate the greatest common factor of 84 and p.
14
Suppose 4*c = -0*c + 12. Let q be c - (-175 + 1 + 2). Let b be (-7)/28 + (-505)/(-20). What is the greatest common divisor of b and q?
25
Suppose 0 = -j + 5*i + 14, -4*i - 39 - 52 = -5*j. Suppose -2*d = -0*l - l - j, 4*l = -12. What is the highest common divisor of d and 2?
2
Suppose -4218*c = -4183*c - 254660. What is the greatest common factor of c and 68?
68
Let i be ((-1532)/6)/(3/45*-5). Suppose 153 = i*x - 765*x. Calculate the highest common divisor of 34 and x.
17
Suppose -2*c + 110 = 2*b, 4*b + 140 = 3*c + 2*b. Let r be ((-75)/c)/((2/8)/(-1)). What is the highest common divisor of 162 and r?
6
Let x be (2 - (-129)/(-5))*(115 - 120). Calculate the greatest common factor of 14 and x.
7
Let u = -1434 - -1482. Calculate the greatest common factor of 2328 and u.
24
Let a = 25 - -56. Suppose a = n + 1. Calculate the highest common factor of 200 and n.
40
Suppose 0 = -t + 13 + 24. Calculate the greatest common factor of t and 2.
1
Let u = -58 + 92. Suppose 8*m - u = -162. Let q(a) = -4*a - 19. Let x be q(m). What is the highest common divisor of x and 18?
9
Let j be 6 + (5634*-2)/9*-2. What is the highest common divisor of 10 and j?
10
Suppose 12 = 2*t, 157*i = 156*i - 4*t + 8232. Calculate the highest common factor of i and 48.
48
Suppose 15*n + 2947 = 3772. Calculate the highest common divisor of n and 1540.
55
Suppose -2*o = 3*o, -3*s + 3*o = 57. Let b = s + 13. Let l be (b/8)/((-19)/228). What is the greatest common divisor of 6 and l?
3
Suppose 63*m - 65*m + 156164 = -2*p, -3*m + 4*p = -234240. What is the greatest common divisor of 227 and m?
227
Let f be (-3*(-2)/(-12))/((-1)/4). Suppose -5*b + 31 = -5*h + 11, 3*b = -f*h + 2. What is the highest common factor of 122 and b?
2
Let g be (-15)/4*(3 + -7). Suppose 0 = -g*q - 245 + 725. Calculate the greatest common divisor of q and 160.
32
Suppose -6 = 2*w, 28*w + 9 = q + 33*w. What is the highest common divisor of 1464 and q?
24
Let p = 5127 + -4734. Calculate the highest common factor of p and 1441.
131
Let l(x) = -529*x**2 + 267*x**2 + 2 + 274*x**2. Let v be l(2). Calculate the greatest common divi